.
54
Evaluate -175 - -306 - (14 - 4 - -2).
119
-7 + (31 + -17 + -18 - (-13 - -3))
-1
(0 - -1) + (34 - (-10 - -24)) + -53
-32
What is (22 - (2 + 2)) + (-3383 - -3266)?
-99
Evaluate (4 - 24) + -8 + 131 + -2.
101
Calculate 33 - (-39 - (123 + -161)).
34
Evaluate -13 - (-10 + 2 - (7 + (-10 - 5))).
-13
What is the value of 0 + 24 + (1 - 27) - (0 + -7)?
5
Evaluate 53 - 85 - (22 + -27 - -46).
-73
What is the value of (-6 - (49 - 22)) + (43 - 2)?
8
Calculate 19 - ((-40 - -36) + (-11 - 2) + 93).
-57
Evaluate -14 + (3 + 4 - (-5 - (-25 - -13))).
-14
(-18 - -67) + (1 + -2 + 70 + -64 - 12)
42
What is -48 + 70 + -39 + 0?
-17
Calculate (0 + -2 - (1 - -1)) + (1910 - 1911).
-5
What is the value of -3 - 4 - (-1 + 4) - (429 - 517)?
78
Evaluate -1 + 3 + -18 + -1 + 46 + 0 + -30.
-1
What is the value of -72 + (47 - (-28 - -14))?
-11
Evaluate -49 - (103 + -170 + -1).
19
What is the value of 0 - (-67 - 28 - -62)?
33
131 - (-53 + 38 + (-6 - (-23 - 2)) + 9)
118
Calculate (-80 - (-18 + 5)) + 36 - (0 - (-10 - -1)).
-40
Calculate (-32 + (-6 - -17) - 11) + 10 + -17.
-39
What is -17 + (5 - (14 - 14) - 6 - -19)?
1
2 + 73 + (-623 - -582)
34
(-74 + 63 - 7) + (-51 - -1)
-68
19 + 8 + -15 - 18 - (-9 + -2)
5
What is 2 + 22 - (-6 - (-13 + 2 + 2 + -8))?
13
7 - (-2 - (5 + -18 - (-3 - -2))) - -86
83
Evaluate -31 + -18 - -86 - 67.
-30
Evaluate -125 + (-64 - -88) - -124.
23
325 + -379 - (2 - 30)
-26
Calculate -17 + (-63 - -75) - (-11 + -1).
7
What is the value of -7 - -12 - (-42 - -36) - -23?
34
-1 + 24 + -79 + 76
20
1 + -14 + (21 - -36) - 17
27
Calculate -91 + 88 + (93 - 172).
-82
Calculate 21 + 84 + -24 - 5.
76
What is the value of 42 - (-7 - (-19 - (3 - 5)))?
32
What is (-28 - (-17 - -5)) + 37 + 0?
21
Calculate -301 + (254 - -51) + 2 + (2 - 1).
7
What is (51 - 77) + 7 + (2 - 3)?
-20
-6 - (-76 - (41 + -97))
14
-22 - ((-13 - -22) + -19 - -24)
-36
What is 6 - (-19 + (20 - -30))?
-25
Calculate 39 - (7 - (3 - (11 - (8 + 1)))).
33
What is 11 + (-7 - (1 + 3)) + (-3 - -6) + -53?
-50
What is (-53 + -1 - 3) + 2469 + -2477 + -9 + 1?
-73
What is -182 + 176 - (29 + (-8 - -10))?
-37
Evaluate -18 + (-14 - -21) + (-17 + 74 - (-5 - -2)).
49
Calculate 436 - 472 - (8 - (7 + 86)).
49
What is the value of (1 - (2 - 3)) + 70 + -75?
-3
What is -42 - -60 - (3 - -15)?
0
Calculate (-27 - (37 + -104)) + -59 + (131 - 0).
112
What is the value of (-97 - -114) + (-6 - 20) + 26?
17
Evaluate -45 + (18 - 13) + 62.
22
Evaluate 2 - -15 - -2 - (-259 + 282).
-4
What is -131 + 137 - (0 + -2 + 21) - -44?
31
(-415 - -404) + 10 + 61
60
What is -12 + 0 - (2 + -17 + 13) - -51?
41
What is (-1 + 2 - -16) + (13 - (-9 - (8 - 24)))?
23
What is the value of -6 + (8 - (-10 - -30)) + 21 - 26?
-23
Calculate 33 + -39 - (-2 - (-19 + 17)).
-6
(146 - 51) + -92 + (87 + (-2 - 0) - 1)
87
31 + 16 + 10 - 125
-68
Calculate (33 - 75) + -18 + 14.
-46
Evaluate ((200 - 184) + (-1 - -10) - 58) + -17.
-50
Calculate -12 + 1 + (-6 + -3 - (5 - -27)) + 22.
-30
What is -79 + 30 - -14 - 36?
-71
Evaluate (21 - (17 + -19)) + -106 + 6 - (-5 - 3).
-69
41 + -12 - 13 - (21 - 35)
30
Calculate -37 + (38 + -28 - 0).
-27
Evaluate -1 + 17 - (29 - 7).
-6
25 - (-14 + (26 - -6)) - 67
-60
Evaluate (2 + -12 - (-26 - 56)) + -1 + 12.
83
What is 30 - ((-52 - -55) + -5 + 20)?
12
Calculate 5 + (0 - (-7 - -9)) + 61 + -64 - 65.
-65
What is the value of 129 + 93 + (-173 - -79)?
128
Calculate 291 + -277 + 3 + 25.
42
(-9 - -2) + (3 - (-2 - 6 - 3))
7
What is the value of 13 + 85 + -42 + -10?
46
What is the value of 30 + 66 + (-12 - (0 - 6) - 0)?
90
Calculate (44 - 143) + 45 - (-9 - -28).
-73
Calculate (-12 - (3 - (8 + 9))) + 1 + -7.
-4
(-110 + -164 - -111) + 260
97
20 - (-60 - -38) - -22
64
What is 33 + -2 - (-51 - -106 - 59)?
35
What is the value of 32 - (67 - 28 - 9 - 4)?
6
Evaluate (0 - (-1 + 3)) + (-4 - (1 + -21)).
14
What is the value of -6395 + 6329 + 3 + -4 + (-2 - 2)?
-71
What is the value of (52 - (-60 + 105)) + -33?
-26
What is -3 + (-9 - (7 - (36 - 12))) + -57?
-52
Calculate 0 + 2 + (10 + 0 - 19) + 37.
30
What is the value of 4 + 1 + 9 + -5 - (146 + -148)?
11
What is the value of 8 + (1 - -2) + 374 + -374 - -31?
42
What is 0 + (17 - (-27 + 10 - -41)) + -72?
-79
Calculate -2 - -1 - (-2 - -26) - (-309 + 196 - -123).
-35
Evaluate 0 + 16 + -16 - -14 - 22.
-8
Evaluate 8 + -17 + -15 + 36 + -64.
-52
-29 + -1 - (69 + -90 + 42)
-51
Evaluate -11 + 6 + -7 + (-32 - -7).
-37
Calculate (10 - (39 + -22) - 59) + 19.
-47
Evaluate 1 - -8 - (48 - -31 - 76).
6
Evaluate 722 + -644 - (-2 - -161).
-81
-40 - (31 - 62) - 5
-14
Calculate -25790 - -25814 - (1 - (7 - 1)).
29
446 - 390 - (0 - (5 + 1))
62
Calculate (7 - (-7 + 7)) + (-11 - -14 - 6) + -9.
-5
Evaluate -68 + (-70 - -134) - (6 + -3 - 0).
-7
Calculate -17 - (-91 - (40 + -88)).
26
Calculate -1 - (-35 + 30 + 6 - (0 - -40)).
38
-14 - -36 - -17 - 11
28
Evaluate (1 - (0 - -3)) + (258 + -186 - 68).
2
What is -266 + 313 + (11 - 16) + -66?
-24
What is (19 - 11) + 12 + 12 + -45 + (-3 - -111)?
95
-30 + (-3 - -136) + -188
-85
What is (3 - -3 - 1 - (12 - -3)) + (156 - 188)?
-42
What is the value of -75 + (-26 - -43) + -7 + 2?
-63
What is -1 - (36 - (2 - (-31 + (9 - -14))))?
-27
Calculate (-2 - -54) + 1007 + -1027.
32
What is the value of -18 + 32 + 2 + -8 + -29?
-21
What is -7 - (-15 + 12 + 43 - (0 + 10))?
-37
What is the value of (60 - 188) + 119 - (2 + -1) - (-1 + -86)?
77
(7 + -29 - -11) + (48 - 82)
-45
-121 + 30 + (-7 - -43)
-55
What is the value of -23 + (12 - 1) + -1 - -15?
2
85 + 7 + -1 + -12 + -11 + -2 + 0
66
What is the value of 31 + (-24 + 9 - -25) + 23?
64
What is ((-59 - -26) + 0 - -17) + -44 + -2?
-62
What is -23 + (46 - 14) + -2 + -46?
-39
Calculate (2 + 12 - 22) + (13 - 31).
-26
Evaluate -60 + -2 + -42 + 92.
-12
What is the value of -1 + -69 + -68 + 132 + (98 + -1 - -1)?
92
What is the value of (29 + 3 - (-2 - -1)) + 88 + (86 - 178)?
29
What is (58 - 0) + (-87 - (-45 + -17))?
33
Evaluate (-743 - -857) + (-48 - 10).
56
Evaluate 20 + (-10 - 24) + 5 + 0 + -39.
-48
What is the value of (5 - 6 - (-230 + 184)) + -94?
-49
Calculate ((-1 - -4) + -8 - (78 - 114)) + -14.
17
What is -45 - (-89 + 80) - (0 + 22)?
-58
What is -85 + (-56 - (10 - 113))?
-38
What is the value of -314 + 423 - 111 - (2 - (-22 - 0))?
-26
What is the value of (5916 - 6033) + (2 - (3 + -20))?
-98
What is the value of (-50 - -41) + 38 + 16?
45
Evaluate 1 + -3 + (6 - 17) + 55.
42
43 - (-28 + (2 - -35))
34
What is the value of 462 - 496 - (-13 - -4 - 18)?
-7
What is the value of (27 + -4 - 114) + (-55 - -58)?
-88
-61 + (89 - (-43 + -62))
133
Evaluate -5 - (13 + 3 + 8 + -15 - (7 + 57)).
50
(6 - 5) + 60 + -11 + 3 + 2 - -5
60
Calculate -14 - ((-4 - (-12 + -1)) + -15) - -20.
12
Evaluate (3 - (-4 - 12)) + (257 - 251).
25
Evaluate -11 - ((107 - 41) + -47).
-30
What is (-58 - 1) + 1394 + -1293?
42
What is 68 - (-54 + 75 - -83)?
-36
What is the value of -23 + 5 + -51 + 16 + -2?
-55
What is (37 + -105 - -54) + 28?
14
Calculate 56 - (-26 + -12 + 8) - (-3 + -6).
95
(21 + -14 - 20) + -7 + 21 + 29
30
Calculate -95 + 105 + (-1 - -4) + 17 + -22.
8
56 + -9 - (-6 + 7) - (3 + 4)
39
Calculate 16 + (11 + 1 - (62 + -56)) - -67.
89
Evaluate (2 - -1) + (9 - 29 - -24) - 23.
-16
Calculate -1 + -8 - (82 + 5 + 22) - 13.
-131
Calculate -8 + (1 - -20 - 41 - -37) + 3 + -1.
11
What is the value of -5 - (304 - 332 - (-1 + (4 - 3)))?
23
Calculate -12 + (-13 - -6 - -7) - (-1 + -19).
8
What is 40 + 27 + -72 + 47 + -20?
22
Calculate 103 + 0 - (9 + (-2 + -7 - (-12 + 19))).
110
-55 + ((-10 - 3) + 33 - -6)
-29
Calculate 46 - (5 - (4 - 3 - 0)) - (76 + -68).
34
Calculate (-14 - -43 - 2) + -115.
-88
(-6 - -1 - (56 + -29)) + -1 + 11
-22
Calculate (-12 + 0 - 2 - (18 + -6)) + 12.
-14
Evaluate 40 - (-43 + 69 + 23).
-9
What is the value of 4 + -3 + 14 + -48 + 44 + 15?
26
Evaluate -19 + (-9 - (1 + -16)) - (-26 + -32).
45
Evaluate 8 + -22 + 34 + -31 + 16.
5
(-908 - -923) + (2 - -45)
62
What is the value of (3 - 3 - 1 - (-19 + 4 + 12)) + 50?
52
What is 4 + -67 + 1 - (551 - 559 - (-1 - 6))?
-61
51 - ((51 - 38) + 67)
-29
What is the value of (-516 - -493) + (47 - 2)?
22
180 + -231 + 4 + -9
-56
Evaluate (18 - 20) + -2 + -5 - (-15 - -1).
5
Evaluate 7 - (-6 - -6) - (37 + -2 + -53).
25
Calculate 90 + -2 - (16 + (-8 - 2)).
82
Evaluate -10 - -1 - (-23 + 2 - (-21 - -28)).
19
What is the value of -19 + (47 - 26) + 16?
18
(-15 - (3 - 